 496300747 a prime number?
True
Is 28944185051 a composite number?
False
Is 447037823 prime?
False
Is 87220224887 a prime number?
True
Is 635461943 composite?
False
Is 44607097 a prime number?
False
Is 67341160207 composite?
False
Is 30633034681 a composite number?
True
Is 90545313241 composite?
False
Is 11245492619 prime?
True
Is 5842097383 a prime number?
True
Is 13036961027 a composite number?
False
Is 225156797 composite?
True
Is 980739439 a composite number?
False
Is 895626103 prime?
True
Is 490035199 a composite number?
False
Is 3350699159 a prime number?
True
Is 21832161095 composite?
True
Is 1154032087 a composite number?
True
Is 28866805493 composite?
True
Is 58404164099 composite?
False
Is 21210966407 prime?
False
Is 5509645499 a composite number?
False
Is 14689109411 a prime number?
True
Is 87335072503 a composite number?
True
Is 3481397389 composite?
True
Is 7809023305 prime?
False
Is 1845045061 a prime number?
True
Is 49172275687 a composite number?
False
Is 37570856777 a prime number?
True
Is 1522428442 a composite number?
True
Is 60048161851 composite?
False
Is 4286272673 prime?
False
Is 17878378169 a composite number?
True
Is 19348565573 composite?
False
Is 3536657153 composite?
True
Is 242911769 a prime number?
True
Is 1305748181 a prime number?
True
Is 2414034193 composite?
False
Is 90454211 prime?
True
Is 3880568267 a composite number?
False
Is 12065786827 a prime number?
True
Is 37887177821 prime?
True
Is 36312840133 a composite number?
False
Is 79593931 prime?
False
Is 4597012367 prime?
True
Is 77118907 composite?
False
Is 389958839 prime?
False
Is 3960760211 prime?
False
Is 7162073249 prime?
False
Is 454437923 prime?
True
Is 5700933841 prime?
False
Is 423171061 composite?
False
Is 22420481 prime?
False
Is 2188166053 prime?
True
Is 806943829 composite?
False
Is 3799364267 composite?
False
Is 14658437099 prime?
False
Is 30289418429 composite?
False
Is 50175513881 a composite number?
True
Is 15354835787 prime?
True
Is 419950199 prime?
True
Is 113351351 a prime number?
True
Is 38087408171 a composite number?
False
Is 5101497689 a prime number?
True
Is 2993058863 a prime number?
False
Is 413067233 a prime number?
False
Is 5787101347 a prime number?
False
Is 3827567777 prime?
False
Is 3062756231 a composite number?
False
Is 2155163345 prime?
False
Is 76472309231 prime?
True
Is 10025643317 a composite number?
True
Is 2014740253 prime?
True
Is 2140364729 a prime number?
True
Is 8009872727 composite?
True
Is 862768261 prime?
True
Is 167015645 composite?
True
Is 42141217777 composite?
True
Is 2385428599 a composite number?
True
Is 18426869581 a composite number?
True
Is 18039353 a prime number?
False
Is 233867891 prime?
True
Is 4720600837 composite?
False
Is 9477035279 prime?
True
Is 4529240854 composite?
True
Is 4231350683 composite?
True
Is 258835196273 prime?
False
Is 252104261 composite?
True
Is 138475997 a prime number?
False
Is 78636363721 prime?
False
Is 37378465997 a composite number?
True
Is 1399498421 a composite number?
True
Is 10658822327 prime?
False
Is 22027415551 a composite number?
False
Is 231637531679 composite?
False
Is 12490925081 a prime number?
True
Is 30138445457 composite?
False
Is 35414567789 a composite number?
True
Is 540588043 a prime number?
False
Is 4126294157 composite?
False
Is 2065148755 a prime number?
False
Is 261266722 a prime number?
False
Is 8450534909 prime?
True
Is 696040801 prime?
False
Is 1648884121 a composite number?
True
Is 11994506695 a composite number?
True
Is 485885297 a prime number?
False
Is 105708167 a prime number?
True
Is 950468171 a prime number?
True
Is 11331343981 composite?
False
Is 20819349409 a composite number?
False
Is 2145583667 composite?
False
Is 99888707 composite?
False
Is 10933318711 a prime number?
False
Is 3086008889 a composite number?
True
Is 668365919 a composite number?
True
Is 114363251 a prime number?
False
Is 1253451671 a prime number?
True
Is 37542753587 composite?
True
Is 2229550591 a prime number?
False
Is 2525462729 a composite number?
True
Is 94333525039 composite?
True
Is 19944074519 a prime number?
True
Is 62921534773 composite?
True
Is 1966562021 a composite number?
False
Is 281434043 prime?
False
Is 556952999 prime?
True
Is 1079320723 composite?
True
Is 1182843941 a prime number?
True
Is 12421288559 prime?
False
Is 503997839 prime?
False
Is 2833802143 composite?
True
Is 3461997739 a composite number?
True
Is 6381154667 a composite number?
False
Is 1294312453 composite?
True
Is 22856802659 a prime number?
True
Is 29985171607 a composite number?
False
Is 94481477743 prime?
False
Is 14926511071 composite?
True
Is 1575997363 a prime number?
False
Is 7497037321 prime?
True
Is 13459044229 composite?
True
Is 9847393597 composite?
True
Is 8273977847 a prime number?
True
Is 1137831259 prime?
False
Is 35510752861 a composite number?
True
Is 5436524771 composite?
True
Is 34937269 prime?
True
Is 5385028021 a prime number?
True
Is 23248768583 prime?
False
Is 2929812463 a prime number?
True
Is 8806975339 composite?
False
Is 163642513 prime?
False
Is 10614787391 prime?
False
Is 18026187559 composite?
False
Is 3563380789 a prime number?
True
Is 2127654931 a composite number?
False
Is 1893496853 a composite number?
True
Is 88859509 a prime number?
False
Is 3855611647 prime?
False
Is 270211391 composite?
False
Is 2553155299 prime?
True
Is 3364064069 a prime number?
True
Is 71989524083 a composite number?
False
Is 5368657183 a composite number?
False
Is 12373237378 prime?
False
Is 2937271697 composite?
True
Is 17122347239 composite?
False
Is 47093271859 a composite number?
True
Is 253177049 a prime number?
False
Is 203923807 a composite number?
True
Is 2101129633 prime?
False
Is 509121299 composite?
False
Is 1989580993 a composite number?
True
Is 18734971313 a prime number?
False
Is 10975255091 composite?
False
Is 1735505257 a prime number?
True
Is 15555208622 a composite number?
True
Is 59174325703 a prime number?
True
Is 234828613 composite?
True
Is 3355975669 a composite number?
True
Is 34196007037 a prime number?
True
Is 1375923547 prime?
False
Is 58695389069 a composite number?
False
Is 5075776747 a prime number?
True
Is 9798803041 prime?
False
Is 1018211309 a composite number?
False
Is 5787566891 prime?
True
Is 1743206779 prime?
True
Is 2427106141 a composite number?
False
Is 16297040707 a prime number?
False
Is 1060655429 a prime number?
True
Is 2116066709 a prime number?
True
Is 103261958 a prime number?
False
Is 1731810049 a composite number?
True
Is 24764207287 a prime number?
True
Is 4203724223 prime?
False
Is 1255592233 prime?
False
Is 10896354127 composite?
True
Is 330318803 a composite number?
False
Is 9227823947 composite?
True
Is 6999121049 composite?
False
Is 16687789393 a composite number?
True
Is 33641627561 a composite number?
False
Is 1400265619 a prime number?
False
Is 200548141 a composite number?
False
Is 11518484963 composite?
True
Is 830246383 a composite number?
False
Is 6550818257 a prime number?
True
Is 112371419 a composite number?
False
Is 72392743 a composite number?
False
Is 102766922281 composite?
False
Is 34603672847 prime?
True
Is 849838133 a prime number?
True
Is 1874086798 a prime number?
False
Is 9300584101 a prime number?
True
Is 18437722603 a prime number?
False
Is 412275847 composite?
False
Is 378220933 prime?
True
Is 89178929171 a prime number?
False
Is 106740975743 a composite number?
False
Is 3773159374 a composite number?
True
Is 37669787 prime?
True
Is 540506753 composite?
False
Is 5065895971 a prime number?
True
Is 7530073553 prime?
True
Is 19845424409 prime?
True
Is 5140406473 a composite number?
False
Is 47641815817 a composite number?
True
Is 43081363301 a prime number?
True
Is 11341626821 a composite number?
True
Is 967742359 a composite number?
True
Is 57420326269 prime?
True
Is 1113877601 composite?
True
Is 78952037 a prime number?
True
Is 1379200621 prime?
True
Is 11595356711 a composite number?
True
Is 251839283 composite?
True
Is 491472923 prime?
False
Is 12405713015 prime?
False
Is 211511665 composite?
True
Is 4203406397 prime?
False
Is 464770931 a prime number?
True
Is 234633331 a composite number?
False
Is 2638898437 a prime number?
False
Is 1023304723 composite?
True
Is 1781370079 a prime number?
Fals